{"id":50,"date":"2020-08-19T19:17:25","date_gmt":"2020-08-19T17:17:25","guid":{"rendered":"http:\/\/axel-fischer-lange.de\/?page_id=50"},"modified":"2024-06-01T13:17:47","modified_gmt":"2024-06-01T11:17:47","slug":"impressum","status":"publish","type":"page","link":"https:\/\/axel-fischer-lange.de\/?page_id=50","title":{"rendered":"Impressum"},"content":{"rendered":"<div class=\"fusion-fullwidth fullwidth-box fusion-builder-row-1 fusion-flex-container nonhundred-percent-fullwidth non-hundred-percent-height-scrolling\" style=\"--awb-border-radius-top-left:0px;--awb-border-radius-top-right:0px;--awb-border-radius-bottom-right:0px;--awb-border-radius-bottom-left:0px;--awb-flex-wrap:wrap;\" ><div class=\"fusion-builder-row fusion-row fusion-flex-align-items-flex-start fusion-flex-content-wrap\" style=\"max-width:1040px;margin-left: calc(-4% \/ 2 );margin-right: calc(-4% \/ 2 );\"><div class=\"fusion-layout-column fusion_builder_column fusion-builder-column-0 fusion_builder_column_1_1 1_1 fusion-flex-column\" style=\"--awb-bg-size:cover;--awb-width-large:100%;--awb-margin-top-large:0px;--awb-spacing-right-large:1.92%;--awb-margin-bottom-large:0px;--awb-spacing-left-large:1.92%;--awb-width-medium:100%;--awb-spacing-right-medium:1.92%;--awb-spacing-left-medium:1.92%;--awb-width-small:100%;--awb-spacing-right-small:1.92%;--awb-spacing-left-small:1.92%;\"><div class=\"fusion-column-wrapper fusion-flex-justify-content-flex-start fusion-content-layout-column\"><div class=\"fusion-text fusion-text-1\"><h1>Impressum<\/h1>\n<\/div><div class=\"fusion-text fusion-text-2\"><h5 class=\"fusion-responsive-typography-calculated\" style=\"--fontsize: 18; line-height: 1; --fontSize: 18;\" data-fontsize=\"18\" data-lineheight=\"18px\">Angaben gem\u00e4\u00df \u00a75 TMG<\/h5>\n<p>A. Fischer-Lange<br \/>Liebeneckstra\u00dfe 25<br \/>75175 Pforzheim<br \/><span style=\"color: var(--awb-text-color); font-family: var(--awb-text-font-family); font-size: var(--awb-font-size); font-style: var(--awb-text-font-style); font-weight: var(--awb-text-font-weight); letter-spacing: var(--awb-letter-spacing); text-align: var(--awb-content-alignment); text-transform: var(--awb-text-transform); background-color: var(--awb-bg-color);\">Kontakt: <a href=\"mailto:drohnen@axel-fischer-lange.de\">drohnen(\u00e4t :-)axel-fischer-lange.de<\/a><\/span><\/p>\n<p>Steuernummer: 41052\/69924<\/p>\n<p>Konzept, Gestaltung sowie redaktionell verantwortlich im Rahmen der g\u00fcltigen, zutreffenden und anwendbaren medienrechtlichen Gesetzgebung: Axel Fischer-Lange.<\/p>\n<h5 class=\"fusion-responsive-typography-calculated\" style=\"--fontsize: 18; line-height: 1; --fontSize: 18;\" data-fontsize=\"18\" data-lineheight=\"18px\">Externe Links<\/h5>\n<p>Unserer Webseite kann tempor\u00e4r Verlinkungen auf Webseiten Dritter enthalten. Alle Verlinkungen auf Webseiten Dritter wurden von uns in solch einem Fall bei Erstellung unserer Webseite sorgf\u00e4ltig gepr\u00fcft. M\u00f6gliche Rechtsverst\u00f6\u00dfe waren zum Zeitpunkt der Verlinkung nicht erkennbar. Allerdings haben wir keinen Einfluss auf die Inhalte von verlinkten Webseiten Dritter, hierf\u00fcr ist der jeweilige Dienstanbieter verantwortlich. Sollten \u00fcber die Verlinkungen auf Webseiten Dritter rechtswidrige Webseiten abrufbar sein, bitten wir um Mitteilung. Wir werden dies in solch einem Fall \u00fcberpr\u00fcfen und die Verlinkungen ggf. entfernen.<\/p>\n<h5 class=\"fusion-responsive-typography-calculated\" style=\"--fontsize: 18; line-height: 1; --fontSize: 18;\" data-fontsize=\"18\" data-lineheight=\"18px\">Online-Streitbeilegung<\/h5>\n<p>Die Online-Plattform zur Online-Streitbeilegung in Verbraucherangelegenheiten ist unter der Adresse erreichbar:<\/p>\n<p><a href=\"http:\/\/ec.europa.eu\/consumers\/odr\">https:\/\/ec.europa.eu\/consumers\/odr<\/a>.<\/p>\n<p>Unsere E-Mail-Adresse lautet: news(\u00e4t)axel-fischer-lange.de.<\/p>\n<p>Wir sind nicht verpflichtet und nicht bereit, an einem Streitbelegungsverfahren vor einer Verbraucherschlichtungsstelle i.S.d. VSBG teilzunehmen.<\/p>\n<h5 data-fontsize=\"18\" style=\"--fontSize: 18; line-height: 1;\" data-lineheight=\"18px\" class=\"fusion-responsive-typography-calculated\">Bildrechte und Quellenangaben<\/h5>\n<p>Alle Urheber- und Nutzungsrechte f\u00fcr verwendete Fotos, Videos und Texte liegen bei Axel Fischer-Lange.<\/p>\n<\/div><\/div><\/div><\/div><\/div>\n","protected":false},"excerpt":{"rendered":"","protected":false},"author":1,"featured_media":0,"parent":0,"menu_order":0,"comment_status":"closed","ping_status":"closed","template":"","meta":{"footnotes":""},"class_list":["post-50","page","type-page","status-publish","hentry"],"_links":{"self":[{"href":"https:\/\/axel-fischer-lange.de\/index.php?rest_route=\/wp\/v2\/pages\/50","targetHints":{"allow":["GET"]}}],"collection":[{"href":"https:\/\/axel-fischer-lange.de\/index.php?rest_route=\/wp\/v2\/pages"}],"about":[{"href":"https:\/\/axel-fischer-lange.de\/index.php?rest_route=\/wp\/v2\/types\/page"}],"author":[{"embeddable":true,"href":"https:\/\/axel-fischer-lange.de\/index.php?rest_route=\/wp\/v2\/users\/1"}],"replies":[{"embeddable":true,"href":"https:\/\/axel-fischer-lange.de\/index.php?rest_route=%2Fwp%2Fv2%2Fcomments&post=50"}],"version-history":[{"count":29,"href":"https:\/\/axel-fischer-lange.de\/index.php?rest_route=\/wp\/v2\/pages\/50\/revisions"}],"predecessor-version":[{"id":591,"href":"https:\/\/axel-fischer-lange.de\/index.php?rest_route=\/wp\/v2\/pages\/50\/revisions\/591"}],"wp:attachment":[{"href":"https:\/\/axel-fischer-lange.de\/index.php?rest_route=%2Fwp%2Fv2%2Fmedia&parent=50"}],"curies":[{"name":"wp","href":"https:\/\/api.w.org\/{rel}","templated":true}]}}